{"id":23,"date":"2013-10-18T15:11:24","date_gmt":"2013-10-18T13:11:24","guid":{"rendered":"http:\/\/compclub.crater.uberspace.de\/?page_id=23"},"modified":"2017-04-11T22:41:23","modified_gmt":"2017-04-11T20:41:23","slug":"leitbild","status":"publish","type":"page","link":"https:\/\/komponistenklasse-sachsen-anhalt.de\/?page_id=23","title":{"rendered":"KLASSE"},"content":{"rendered":"<p><img loading=\"lazy\" width=\"300\" height=\"67\" class=\"alignleft size-medium wp-image-81\" src=\"http:\/\/komponistenklasse-sachsen-anhalt.de\/wp-content\/uploads\/2013\/11\/Logo-300x67.jpg\" alt=\"Logo\" \/>Im April 2008 ist die Komponistenklasse Sachsen-Anhalt e.V. gegr\u00fcndet worden. Sie hat ihren Sitz am Konservatorium Georg Philipp Telemann in Magdeburg, steht in der seit 1976 existierenden Tradition der Komponistenklassen Magdeburg und Halle-Dresden und ist aus diesen Klassen hervorgegangen. Die Komponistenklasse Sachsen-Anhalt e.V. hat das Ziel, im Land vorhandene kompositionsp\u00e4dagogische Ans\u00e4tze, am Komponieren interessierte Kinder und Jugendliche sowie \u00fcberhaupt an Neuer Musik Interessierte zusammenzuf\u00fchren. Dabei entstehen Kooperationen mit Musikschulen und allgemeinbildenden Schulen. Bisherige Partner: Musikschule des Burgenlandkreises, Musikschule music-a-vera Bernburg, Walter-Gropius-Gymnasium Dessau-Ro\u00dflau, Landesgymnasium f\u00fcr Musik Wernigerode. Besonders wichtig ist auch die entstehende Zusammenarbeit mit verschiedenen Magdeburger Gymnasien (bisher: Siemens-Gymnasium und \u00d6kumenisches Domgymnasium Magdeburg). Der Sch\u00fclerstamm erh\u00e4lt regelm\u00e4\u00dfigen Unterricht am Konservatorium G. Ph. Telemann in Magdeburg.<\/p>\n<p>In jedem Jahr finden in den Winter- und Sommerferien Kurse statt, in denen die jungen Komponistinnen und Komponisten neben gemeinsamem Singen, Geh\u00f6rbildung und Instrumentenworkshops von Komponisten unterrichtet und bei der Erabrbeitung eigener Kompositionen unterst\u00fctzt werden. Im Komponistenklassenkonzert in Magdeburg, das in enger Kooperation mit dem Deutschen Tonk\u00fcnstlerverband stattfindet, werden die Kompositionen von einem hochmotivierten, professionellen Ensemble uraufgef\u00fchrt. In Vorbereitung des Jahreskonzertes findet ein umfangreicher Probenworkshop statt, wo die so wichtigen Erfahrungen im Zusammenhang mit der Erarbeitung der eigenen Werke gemacht werden k\u00f6nnen. Die Mitglieder der Komponistenklasse Sachsen-Anhalt sind momentan zwischen 10 und 19 Jahren alt.<\/p>\n<p>Die jungen Komponistinnen und Komponisten beteiligen sich auch an Wettbewerben (u.a. Orchesterwerkstatt Halberstadt, Hans-Stieber-Preis des Landesverbandes Sachsen-Anhalt Deutscher Komponisten e.V., Jugendkompositionswettbewerb des Deutschen Tonk\u00fcnstlerverbandes, Landesverband Sachsen-Anhalt e.V.).<\/p>\n","protected":false},"excerpt":{"rendered":"<p>Im April 2008 ist die Komponistenklasse Sachsen-Anhalt e.V. gegr\u00fcndet worden. Sie hat ihren Sitz am Konservatorium Georg Philipp Telemann in Magdeburg, steht in der seit 1976 existierenden Tradition der Komponistenklassen Magdeburg und Halle-Dresden und ist aus diesen Klassen hervorgegangen. Die Komponistenklasse Sachsen-Anhalt e.V. hat das Ziel, im Land vorhandene kompositionsp\u00e4dagogische Ans\u00e4tze, am Komponieren interessierte Kinder [&hellip;]<\/p>\n","protected":false},"author":1,"featured_media":0,"parent":0,"menu_order":2,"comment_status":"closed","ping_status":"closed","template":"","meta":[],"_links":{"self":[{"href":"https:\/\/komponistenklasse-sachsen-anhalt.de\/index.php?rest_route=\/wp\/v2\/pages\/23"}],"collection":[{"href":"https:\/\/komponistenklasse-sachsen-anhalt.de\/index.php?rest_route=\/wp\/v2\/pages"}],"about":[{"href":"https:\/\/komponistenklasse-sachsen-anhalt.de\/index.php?rest_route=\/wp\/v2\/types\/page"}],"author":[{"embeddable":true,"href":"https:\/\/komponistenklasse-sachsen-anhalt.de\/index.php?rest_route=\/wp\/v2\/users\/1"}],"replies":[{"embeddable":true,"href":"https:\/\/komponistenklasse-sachsen-anhalt.de\/index.php?rest_route=%2Fwp%2Fv2%2Fcomments&post=23"}],"version-history":[{"count":10,"href":"https:\/\/komponistenklasse-sachsen-anhalt.de\/index.php?rest_route=\/wp\/v2\/pages\/23\/revisions"}],"predecessor-version":[{"id":362,"href":"https:\/\/komponistenklasse-sachsen-anhalt.de\/index.php?rest_route=\/wp\/v2\/pages\/23\/revisions\/362"}],"wp:attachment":[{"href":"https:\/\/komponistenklasse-sachsen-anhalt.de\/index.php?rest_route=%2Fwp%2Fv2%2Fmedia&parent=23"}],"curies":[{"name":"wp","href":"https:\/\/api.w.org\/{rel}","templated":true}]}}